t b be 7*1 - (-5 + 6). Let m(q) = q**2 + 2 + b*q - 1 - q. What is the units digit of m(-6)?
7
Suppose 31 - 2 = b. Let f = 21 - b. What is the units digit of (-60)/(-16) + (-2)/f?
4
What is the tens digit of 54 + -2 - (6 - 3)?
4
Suppose b + 5*b = 126. What is the units digit of b?
1
Let b(w) = -w**3 - 9*w**2 - 4*w + 3. Let r be b(-9). Suppose 1 = 4*q - r. What is the tens digit of 3/(-15) - (-152)/q?
1
Suppose -2*g + 10 = 3*g. Suppose 42 = -g*l + 5*l. What is the tens digit of l?
1
Let b be (10/(-3))/(4/(-6)). Suppose -2*x = -b*i + 63, -4 + 0 = -4*x. What is the units digit of i?
3
Suppose -h + 4*p + 25 = 1, -5*h = 3*p - 5. Suppose 4*d + 0 - h = 0. Suppose -d + 3 = u. What is the units digit of u?
2
Suppose -5*v - 2*b + 242 = b, 0 = 4*v + b - 195. What is the units digit of v?
9
Let d(v) = -v**3 - 3*v**2 + 4*v + 6. Let g be d(-4). What is the units digit of -6*g/9 - -51?
7
Let v be -3 - (1 - (-782)/(-2)). What is the units digit of v/36 - (-1)/4?
1
Let l = -27 + 251. What is the tens digit of l?
2
Let h(z) = 2*z - 2. What is the units digit of h(7)?
2
Let m be (-13)/(-4) + 1/(-4). Suppose 13 = -z + 4*o, z - 2*o = -m*o + 7. Suppose -3*k - y = -k - 7, -z*y = -3*k + 24. What is the units digit of k?
5
Let s = 6 + -3. Suppose 0 = -s*r + 3*v, -5*r + 0*v - 2*v = 0. Suppose 3*u + g = 6*g + 24, g - 3 = r. What is the tens digit of u?
1
Let v = 96 - 61. What is the tens digit of v?
3
Suppose 0 = -4*b + 4*h + 20, b = 6*b - h - 21. Let f(v) = 3*v**2 - 3*v**2 - v + v**3 + 5 - b*v**2. What is the units digit of f(4)?
1
Let w(x) be the second derivative of -x**3/6 + x**2/2 + 3*x. What is the units digit of w(-5)?
6
Let c(v) = -6 - 1 + 0 + 7*v + 4*v**2 - v**3. Let h be c(5). Suppose 6 = a - h*w - w, 0 = a + w - 6. What is the units digit of a?
6
Let b be 7*(9/(-3) - -2). Let m = -4 - b. Suppose -a - 5*j + 17 = 0, 4*j = a + 2*j - m. What is the units digit of a?
7
What is the tens digit of (17 + (1 - 1))*2?
3
Let t = -49 + 81. Suppose 2*c + 2*c = t. Suppose 0 = 2*x - 0*b + 2*b - c, -3*b + 6 = 0. What is the units digit of x?
2
Suppose 4*k = -5*g + 3*k + 6, 3*g + 2*k = -2. Suppose 10 = 5*f, 2*u - 5*f = -g*u + 26. What is the units digit of u?
9
Let q(k) = k**2 - 2*k - 3. What is the units digit of q(-4)?
1
Suppose -5*s + 49 - 5 = 4*a, -4*s = 5*a - 55. Let k = -20 + a. Let t = 0 - k. What is the units digit of t?
9
Suppose 4 = -0*b + 2*b. Suppose -2*k - b*k + 80 = 3*r, -2*r + 60 = 3*k. What is the units digit of k?
0
Let h(q) = -q**3 - 4*q**2 - 3*q - 6. Let f be h(-4). Let l be (f/(-4) + 0)*-2. Suppose -7 = -l*o + 5. What is the units digit of o?
4
Let k = 46 + 39. What is the tens digit of k?
8
Let w = 14 + 0. What is the tens digit of w?
1
What is the units digit of (19 - 93)*2/(-4)?
7
Let b be -38 + -5 + 0 + -1. Let p be b/(-6) + (-2)/(-3). Suppose -n + p = y + n, -5*y = -3*n - 1. What is the units digit of y?
2
Suppose -2*c + 0*c + 8 = 0. Suppose c*v - 106 = 174. Suppose -h + v = 4*h. What is the tens digit of h?
1
Let v(a) = -2*a + 11 + 0*a - 4. Let o be 5/(-1)*12/10. What is the units digit of v(o)?
9
Suppose 3*p = 6*k - 2*k - 352, -356 = -4*k + 4*p. What is the units digit of k?
5
Suppose w = -2*w + 15. Suppose 4*r + 5 = w*z, r - 25 = -3*z - z. Suppose 3*p - z*v + 9 = 0, -7 = 4*p + 3*v - 24. What is the units digit of p?
2
Let v(n) = -n**3 - 2*n + 85. What is the tens digit of v(0)?
8
Let q be 2*(-6)/4 + 2. Let a(k) = 21*k**3 - k**2 + k + 1. Let n be a(q). Let w = -12 - n. What is the units digit of w?
0
Suppose -y + 45 + 8 = 0. What is the tens digit of y?
5
Let t(k) = k**2 + k - 1. Let o be t(2). Suppose n - 7 = 2*v - 2, -o*n - v + 3 = 0. What is the units digit of n?
1
Suppose 0 = -a - 3*u, 0 = a - 2*u - 0*u - 5. Suppose 3*d - k - k = 37, -5*d + 62 = -a*k. What is the tens digit of d?
1
Let o(c) = 4*c + 26. What is the units digit of o(14)?
2
Suppose 5*s + 0 = 15. Suppose s*j - 6 = -0*j. Suppose 0 = -j*f + 4*t - 10, 2*f - 12 = -f - 3*t. What is the units digit of f?
1
Let v = 15 - 15. Suppose v = -0*t - t, -39 = -3*w + t. What is the units digit of w?
3
What is the units digit of (3 - (-45)/(-35))*7?
2
Let m(b) = 25*b - 1. What is the units digit of m(7)?
4
What is the units digit of (-165)/(-2) + 14/(-28)?
2
Let j be 12/27*(-36)/(-8). Suppose 2*m + j*m - 33 = -5*k, 5*k - m - 48 = 0. What is the units digit of k?
9
Let n = 27 - -21. What is the tens digit of n?
4
Suppose 2*x = -3*h + 184, -1 = h - 2*x - 49. What is the tens digit of h?
5
Let l(u) = -u**3 + 8*u**2 - 7*u - 1. Let s be l(7). Let d be 5 + -3 + 1 + s. Suppose 0 = d*r - 14 - 12. What is the tens digit of r?
1
Let d(w) = 15*w + 17. What is the tens digit of d(5)?
9
Let o(p) = -p**3 + 8*p**2 + 8*p + 13. Let t be o(9). Suppose t = 3*s - 197. What is the units digit of (-4)/10 - s/(-5)?
3
Suppose -4*n + 2*n = -2. Let g = -6 + n. Let f(t) = -t**3 - 4*t**2 + 5*t + 6. What is the units digit of f(g)?
6
Suppose -4*o + 62 = 2*k, -o = -2*o - 3*k + 3. What is the tens digit of o?
1
Suppose 2*r + r = -a + 197, 5*r - 5*a - 335 = 0. What is the units digit of 1/(135/r - 2)?
2
Let s(r) = 2*r**2 + 8*r - 2*r**2 - 2 - 1 - r**2. What is the tens digit of s(5)?
1
Suppose -6*w = -2*w + 88. Let h be w/(-4) + 3/(-6). Suppose 0 = 5*o - h, 24 = 2*v + 5*o - 21. What is the tens digit of v?
2
What is the tens digit of 6/4*(-26)/(-3)?
1
Suppose 0 = a + 4*l - 82, 5*a + 92 - 518 = -4*l. What is the tens digit of a?
8
Let i(l) = -l - 2. Let v be i(-2). Let p be (v + 1)*(-4)/1. Let m = p - -8. What is the units digit of m?
4
Let f(a) = -3 - 1 - a + 1. Let x be f(-6). Let p(r) = -r**2 + 5*r - 4. What is the units digit of p(x)?
2
Let z(r) = r**2 - 13*r + 19. Let m(o) = 2*o - 4. Let y be m(9). What is the tens digit of z(y)?
3
Let k(m) = 3*m**2 - 3*m + 3. Let d be k(2). Suppose -s - d = -4. Let r(n) = -n**2 - 6*n - 2. What is the units digit of r(s)?
3
Suppose 864 = -4*b - 320. What is the tens digit of (b/(-32))/(1/4)?
3
Let g(l) = -l**3 + 8*l**2 - 7*l - 4. Let r be g(7). Let s = 12 + r. Suppose 2*w - 4*k = -s, 4*k = w + 3*k + 1. What is the units digit of w?
2
Let k be (-1)/5 - 11/(-5). Suppose -k*s + 3*p = -27, 4*p = -3*s + 3 + 29. What is the tens digit of s?
1
Let l(b) be the first derivative of -b**4/4 + 5*b**3/3 - b**2 + 4*b - 1. Let z be l(4). Suppose 8 - 26 = -2*o - k, 2*o + 4*k = z. What is the units digit of o?
0
Suppose 2 + 0 = 2*q - f, f - 4 = -4*q. Let t = 1 - q. Suppose t = -k - k + 4. What is the units digit of k?
2
Suppose 55 = 5*r - 455. What is the units digit of r?
2
What is the tens digit of ((-10)/(-4) - 24/12)*142?
7
Suppose -2*v + 0*s = -s - 84, 2*v - 3*s - 88 = 0. What is the units digit of v?
1
Let h(n) = -n**2 - 10*n + 3. Let u(l) = 3*l - 1. Let s(g) = -2*h(g) - 7*u(g). What is the units digit of s(1)?
2
Suppose 0 = -h - 2*h + 54. Let v = h + -6. What is the units digit of v?
2
Suppose -3*y = -o - 839, -y + 563 = y + 3*o. What is the units digit of y?
0
Let s be 3/(-2) + (-54)/(-4). Suppose 0 = -5*v - 25, 0 = 5*q - v - 17 - 23. Let b = s - q. What is the units digit of b?
5
Let y be 6 - 2 - 2/2. What is the units digit of 0 + (-1 + y - 0)?
2
Let m be 2 + 6*1/2. Suppose 0 = -m*a + 217 + 68. What is the tens digit of a?
5
Let c = 53 + -36. Let f = c - -4. What is the tens digit of f?
2
Let f = -490 + 696. What is the tens digit of f?
0
Suppose -y + x + 83 = 0, 0 = 2*y - 7*y - 2*x + 401. What is the tens digit of y?
8
Suppose 57 = 20*l - 17*l. What is the units digit of l?
9
Let c(a) = -5*a**2 - 4*a. Let l be c(2). Let g be 17/(-3) - (-2)/(-6). Let p = g - l. What is the tens digit of p?
2
Let r = -200 - -298. What is the tens digit of r?
9
Suppose -4*p = 2*q + 26, 4*q = 3*p - 8*p - 28. What is the tens digit of (-6)/p - (-65)/4?
1
Suppose 3*w + 6*k = 2*k + 16, w + 5*k - 9 = 0. Suppose w*o - 3*o - 4*x - 41 = 0, -88 = -3*o + 5*x. What is the tens digit of o?
2
Let q(k) = 41*k + 1. Let g be q(1). What is the units digit of 4/(-14) - (-180)/g?
4
Let h(a) = -80*a**2 + 2*a - 9. Let j(m) = 40*m**2 - m + 4. Let t(w) = 4*h(w) + 9*j(w). Let r be t(1). Suppose -17 = -4*b + r. What is the tens digit of b?
1
Let x(l) = l**3 + 32*l**2 - 3*l - 44. What is the units digit of x(-32)?
2
Suppose 4*t + 0*t - 5*f = 0, -5*f + 5 = -3*t. Let b be (-6)/t*(-40)/6. Suppose 4*h - 16 = b. What is the units digit of h?
6
Let